actors of (-2)/(-3)*51 + o + 1?
2, 17
Let b = -32 - -56. Let n be (-4)/(b/(-10))*3. Let m = 2 + n. List the prime factors of m.
7
Let k(m) = 49*m**2 + 39*m - 56. List the prime factors of k(-11).
2, 1361
Let h = -349 - -1324. What are the prime factors of h?
3, 5, 13
Let w = 54 + -52. Suppose y + w*z - 176 = -2*y, z + 108 = 2*y. List the prime factors of y.
2, 7
What are the prime factors of (1/2)/(5/(-51100)*-7)?
2, 5, 73
Let f = 1371 + -738. What are the prime factors of f?
3, 211
Suppose -2*c + 4*c = 0. Suppose 5*s - j - 10 + 0 = 0, 5*j - 19 = 2*s. Suppose -s*x + 20 = -2*x + 2*d, c = 5*d - 15. What are the prime factors of x?
2, 7
Suppose 3*q = -5*u + 3*u + 42, 42 = 3*q + u. Let d = -11 + q. What are the prime factors of d?
3
List the prime factors of 159/(-265) + 4926/10 + 0.
2, 3, 41
Let h(a) = -a + a**2 + a**2 - 7 - a - a**2. Let z be h(4). Let b(i) = -i + 4. List the prime factors of b(z).
3
Let j(a) = a**3 - 2*a**2 + a + 6. Let y be (-6 + (12 - 5))*(-6)/(-2). What are the prime factors of j(y)?
2, 3
Let b = -11 - -16. Suppose -2 = -i + b. Suppose -s = -46 + i. List the prime factors of s.
3, 13
Suppose 339 = -203*o + 204*o. List the prime factors of o.
3, 113
Suppose 7*n = 3*n + 20. Suppose -n*a = -44 - 16. What are the prime factors of 2/1*90/a?
3, 5
Let l(z) be the third derivative of 0 - 1/8*z**4 + 0*z - 3*z**2 + 5/6*z**3. List the prime factors of l(-7).
2, 13
Suppose 0 = 5*p - 2*u - 77 + 502, -170 = 2*p - 4*u. Let d = p + 229. What are the prime factors of d?
2, 3
Let g = 11 - 11. Suppose 3*y + 5*r - 163 = -0*y, -4*y - 2*r + 222 = g. List the prime factors of y.
2, 7
Let k(u) = -1 + 0*u - 8*u**2 + 3*u**2 - u. Let s be k(-2). Let y = s - -58. What are the prime factors of y?
3, 13
Let i(j) = j**2 - 19*j + 9. What are the prime factors of i(-7)?
191
Let b be (-8 + 0)*564/(-24). Let x = b - 113. List the prime factors of x.
3, 5
Suppose -7*k = -19 - 2. Suppose 14 = -p + k*j + 214, 404 = 2*p - 4*j. List the prime factors of p.
2, 103
List the prime factors of (-2)/(-12)*278*33.
11, 139
Let j(t) be the first derivative of -t**4/4 - 2*t**3 + 3*t**2 + 6*t - 2. Let q be j(-9). Suppose -2*c = c - q. List the prime factors of c.
5, 13
Let r(k) = -200 - k + 197 + 0*k + k**2. What are the prime factors of r(5)?
17
Let j = 10 - 22. Let a(s) = -s**2 - 13*s + 8. What are the prime factors of a(j)?
2, 5
Let o(k) = -2*k**2 + k + 13. Let j be o(4). Let l = j + 13. What are the prime factors of 5/l*(-128)/20?
2
Let x be (-460)/(-50) - 1/5. Suppose -i = -x - 6. Suppose -3*q - 3 = 0, -5*h = 5*q + i - 65. What are the prime factors of h?
11
Let j be (-61)/7 + (-2)/7. Let k(w) = -w**3 - 8*w**2 + 10*w + 12. Let r be k(j). Suppose x + r = 10. What are the prime factors of x?
7
Suppose 5 = g - 3*u, -g - u - 1 = -2. Suppose 0 = 2*n + g - 66. What are the prime factors of n?
2
Suppose 0*k - 3*k - 36 = 0. Let h = k - -12. Let p(q) = q**3 - q**2 - q + 27. List the prime factors of p(h).
3
Let n be (-150)/(-40) + (-2)/16*-2. Suppose 5*m = n*d - 1122 - 22, -271 = -d + 5*m. What are the prime factors of d?
3, 97
Let x be (-3)/((-42)/2) + 1238/7. Suppose 2*d + d - x = 0. What are the prime factors of d?
59
Let v(l) = 10*l + 4*l**2 - 3*l - 2*l**3 - 5*l**2. Let x be v(-3). List the prime factors of (-4)/(4/(x/(-3))).
2
Suppose 8*u = 21 + 3. Suppose k - 6*k + 569 = 4*x, u*x = -2*k + 222. What are the prime factors of k?
3, 13
Let j = -20 + 32. List the prime factors of 1 - (-1268)/j - 2/(-6).
107
Suppose -353 = -15*s - 53. Let a = 2 + s. What are the prime factors of a?
2, 11
Let x be 642/22 - (-30)/(-165). Let l = -1 + x. List the prime factors of l.
2, 7
Let z(p) = -p**3 + 7*p**2 - 4*p + 4. Let n = -23 + 21. Let f = n + 7. List the prime factors of z(f).
2, 17
Let y(h) = -h**2 - 5*h - 1. Let p be y(-2). Suppose 6*s - s = p. Suppose 5*r - 62 = -4*a, -a + 2 + s = 0. What are the prime factors of r?
2, 5
Let b = -353 - -502. Suppose -4*w + 207 = -b. Let q = -58 + w. What are the prime factors of q?
31
Suppose -47*o + 79255 = 8*o. What are the prime factors of o?
11, 131
Suppose -2*z - 3*o + 3795 = 0, 0 = -13*z + 18*z + 2*o - 9493. What are the prime factors of z?
3, 211
Let a(p) = -9*p**3 - 2 - 8*p**2 - 1 - 6*p - 5 + 10*p**3. What are the prime factors of a(9)?
19
Let d(a) be the third derivative of -37*a**6/24 + a**5/60 + a**4/8 + a**3/3 + 34*a**2. What are the prime factors of d(-1)?
5, 37
Let z = 136 + 2401. What are the prime factors of z?
43, 59
What are the prime factors of (-4 + 17 - 12) + 2394?
5, 479
Let m be (-24)/8*(-17)/3. Let z = 5 - m. Let g = z + 20. List the prime factors of g.
2
Suppose 3*t = -0*t + 600. Suppose 5*w + 3*h - t = 7*h, 3*h = 4*w - 160. List the prime factors of w.
2, 5
Let s(l) = -12*l**2 + l**3 + l + 21*l**2 - 28 - 17*l. What are the prime factors of s(-9)?
2, 29
Let g(b) = b**3 - 5*b**2 - 3*b + 7. Let j be g(5). Let x(l) = 4*l + 4. Let u(r) = -r. Let z(c) = -3*u(c) - x(c). What are the prime factors of z(j)?
2
Suppose 6*y - 2264 = 30718. List the prime factors of y.
23, 239
Let f(m) = 30*m + 34. Let w be f(-9). Let t = -8 - w. List the prime factors of t.
2, 3, 19
Let t = 787 + 49. List the prime factors of t.
2, 11, 19
Let b be (-1)/1 + (-18)/(-9). Let r be 42/24 - b/(-4). Suppose 30 = r*m - 2. List the prime factors of m.
2
Suppose -11*g = -8*g. Suppose 5*x = -g*x + 120. What are the prime factors of x?
2, 3
Suppose 2*v + 4*x = 92, -2*v + x + 22 + 90 = 0. What are the prime factors of v?
2, 3
Let p(a) = -12*a + 18. Let s be p(-6). Suppose -3*b + s = -75. What are the prime factors of b?
5, 11
Suppose 4*c + 5*v - 4931 = 0, 0 = -c + 3*v + 411 + 843. List the prime factors of c.
3, 7, 59
Suppose 5*x = y + 1577, -908 + 284 = -2*x - 3*y. What are the prime factors of x?
3, 5, 7
Let y(u) = u**3 - 12*u**2 + u - 25. Let v be y(13). Suppose -4*m + 4*h + 111 = -v, -5*h = 2*m - 134. List the prime factors of m.
67
Let b(n) = 12*n + 706. List the prime factors of b(-46).
2, 7, 11
Suppose t - c - 177 = 0, -5*c = t + t - 375. What are the prime factors of t?
2, 3, 5
Let a = 113 - -483. List the prime factors of a.
2, 149
Suppose 168 = 18*f + 3*f. Let m(v) be the first derivative of -v**3/3 + 5*v**2 + 3*v + 1. List the prime factors of m(f).
19
Suppose 3*l - 13 = -y, 0*y = -4*y + 5*l - 16. Suppose -2*m + w = 3*m + 4, 3*m + w + 4 = 0. List the prime factors of ((-76)/4)/(m/y).
19
Suppose -11*i + 7*i = -12. Suppose -4*t + 276 = y, 3*y - 259 = -i*t - 43. List the prime factors of t.
2, 17
Suppose 4275 = -387*m + 390*m. What are the prime factors of m?
3, 5, 19
Suppose -10*o = -13*o + 234. Let n(w) = -w**3 - 7*w**2 - 6*w + 4. Let q be n(-7). Let r = o - q. What are the prime factors of r?
2
Let q = 1013 - 539. List the prime factors of q.
2, 3, 79
Let u = -30 + 135. List the prime factors of (-4 - (-6)/1) + u.
107
Suppose -a = -3*i - 5*a + 2100, -a = -3*i + 2100. List the prime factors of i.
2, 5, 7
List the prime factors of 60/(-12) - (3 - 4 - 666).
2, 331
Let z be 45/18*(-6)/(-1). Let q = z - 12. What are the prime factors of q?
3
Let u = -88 - -98. Suppose 12*h - u*h = 580. List the prime factors of h.
2, 5, 29
Let c(w) = w - 2. Let r be c(11). Let x = -11 + r. List the prime factors of (4/10)/(x/(-10)).
2
Let c = 145 + 75. List the prime factors of c.
2, 5, 11
Let t(k) = -33*k - 8. Let y be t(-2). What are the prime factors of (0/3 - 1) + y?
3, 19
Let g = 1075 + -389. List the prime factors of g.
2, 7
Let f be 2/(-7) - (-7216)/(-77). Let y = -16 - f. Let c = y + -43. List the prime factors of c.
5, 7
Let w = -10 - -10. Let m = w - 0. Suppose 2*z - 12 = -2, m = 5*f + z - 45. What are the prime factors of f?
2
Let d = 748 - 152. List the prime factors of d.
2, 149
Let g(q) = 23*q - 51. What are the prime factors of g(3)?
2, 3
Suppose 6*x - 5042 - 1606 = 0. What are the prime factors of x?
2, 277
Let z be (-16)/(-40) - 184/10. List the prime factors of (-1334)/z - 2/18.
2, 37
Suppose -42 = -g - 7. Suppose 4*s + g = 115. What are the prime factors of s?
2, 5
Let y be (3 - 1)*(2 - 1)*-1. Suppose -9 = s - 4*g, 0 = 6*g - 2*g - 12. What are the prime factors of y/s*1032/(-16)?
43
Suppose -55836 = -33*y + 15444. List the prime factors of y.
2, 3, 5
Suppose -9615 = -5*x + 4*l, 17*l - 21*l + 7656 = 4*x. What are the prime factors of x?
19, 101
What are t